actors of 288227490.
2, 3, 5, 23, 417721
What are the prime factors of 1529734485?
3, 5, 23, 29, 152897
List the prime factors of 851058329.
11, 77368939
What are the prime factors of 27536102?
2, 11, 1251641
List the prime factors of 402786209.
7, 57540887
List the prime factors of 528067639.
11, 3089, 15541
What are the prime factors of 3295044929?
11, 23, 13023893
What are the prime factors of 3585073846?
2, 1792536923
List the prime factors of 3750371178.
2, 3, 89, 569, 12343
What are the prime factors of 268927498?
2, 7, 29, 157, 4219
What are the prime factors of 333330338?
2, 11, 19, 113, 7057
List the prime factors of 3007932272.
2, 23, 8173729
What are the prime factors of 2181728070?
2, 3, 5, 1217, 19919
List the prime factors of 135918691.
163, 833857
List the prime factors of 1794821922.
2, 3, 71, 468133
List the prime factors of 1070480640.
2, 3, 5, 113, 2467
List the prime factors of 1982222063.
19, 97, 173, 6217
List the prime factors of 2634656648.
2, 13, 25333237
What are the prime factors of 7891904847?
3, 19, 479, 289049
List the prime factors of 951428076.
2, 3, 79285673
What are the prime factors of 25942066?
2, 29, 313, 1429
List the prime factors of 250603519.
1787, 140237
What are the prime factors of 4024844492?
2, 769, 1308467
What are the prime factors of 69471099?
3, 79, 199, 491
List the prime factors of 2128068858.
2, 3, 107, 1699, 1951
List the prime factors of 153372496.
2, 71, 79, 1709
What are the prime factors of 94169569?
13, 109, 66457
List the prime factors of 461994729.
3, 7, 761, 28909
What are the prime factors of 1925845526?
2, 11, 127, 689279
What are the prime factors of 17250008?
2, 2156251
List the prime factors of 328264765.
5, 107, 263, 2333
What are the prime factors of 1318534264?
2, 164816783
List the prime factors of 1999812138.
2, 3, 333302023
What are the prime factors of 848708218?
2, 79, 5371571
What are the prime factors of 53132952?
2, 3, 61, 36293
What are the prime factors of 117986193?
3, 13, 336143
List the prime factors of 1001691150.
2, 3, 5, 6677941
List the prime factors of 7221187181.
13, 555475937
What are the prime factors of 190073918?
2, 89, 1067831
List the prime factors of 446176365.
3, 5, 73, 277, 1471
List the prime factors of 5211849.
3, 557, 3119
What are the prime factors of 663777931?
89, 7458179
What are the prime factors of 60402571?
60402571
List the prime factors of 1129652308.
2, 337, 838021
List the prime factors of 47339868.
2, 3, 19, 397, 523
What are the prime factors of 2265668200?
2, 5, 17, 41, 16253
What are the prime factors of 264211016?
2, 31, 67, 15901
List the prime factors of 1226119453.
13, 94316881
What are the prime factors of 5603316607?
7, 151, 5301151
List the prime factors of 684452597.
8867, 77191
List the prime factors of 244943775.
3, 5, 1088639
List the prime factors of 409489166.
2, 17, 12043799
What are the prime factors of 248979181?
11, 29, 780499
List the prime factors of 140771959.
73, 1928383
List the prime factors of 3784750272.
2, 3, 397, 613
List the prime factors of 14585230.
2, 5, 11, 67, 1979
List the prime factors of 106060235.
5, 41, 517367
What are the prime factors of 219560862?
2, 3, 521, 70237
What are the prime factors of 1679396587?
11, 152672417
List the prime factors of 135724506.
2, 3, 421, 53731
What are the prime factors of 1160228020?
2, 5, 7, 8287343
List the prime factors of 357456696.
2, 3, 41, 363269
What are the prime factors of 588299589?
3, 23, 107, 26561
List the prime factors of 90463944.
2, 3, 3769331
What are the prime factors of 202695641?
17, 41257
What are the prime factors of 464765088?
2, 3, 4841303
List the prime factors of 30514103.
317, 96259
List the prime factors of 823039902.
2, 3, 1327, 34457
List the prime factors of 20288773.
163, 124471
List the prime factors of 706356735.
3, 5, 7, 6727207
List the prime factors of 62380481.
62380481
List the prime factors of 133050336.
2, 3, 619, 2239
List the prime factors of 5576471093.
39227, 142159
List the prime factors of 3788008274.
2, 37, 51189301
List the prime factors of 28055939.
28055939
What are the prime factors of 4802145?
3, 5, 320143
List the prime factors of 486984498.
2, 3, 7, 11, 13, 81083
What are the prime factors of 1061387305?
5, 11, 151, 227, 563
List the prime factors of 79470792.
2, 3, 41, 26921
What are the prime factors of 236197907?
11, 21472537
What are the prime factors of 31761148?
2, 29, 273803
What are the prime factors of 4370533048?
2, 7, 23, 307, 1579
What are the prime factors of 403661420?
2, 5, 1621, 12451
List the prime factors of 445655013.
3, 19, 1061, 7369
What are the prime factors of 172433435?
5, 571, 60397
What are the prime factors of 56747553?
3, 18915851
List the prime factors of 1995273253.
23, 86751011
List the prime factors of 4089372675.
3, 5, 53, 1028773
List the prime factors of 1688603330.
2, 5, 168860333
What are the prime factors of 177100517?
11, 16100047
List the prime factors of 2701028749.
37, 4201, 17377
List the prime factors of 56165841.
3, 17, 367097
List the prime factors of 32502719.
349, 93131
What are the prime factors of 24981479?
24981479
What are the prime factors of 22539142?
2, 37, 541, 563
List the prime factors of 976413873.
3, 325471291
List the prime factors of 4307294887.
7, 139, 1951, 2269
List the prime factors of 2363822204.
2, 590955551
What are the prime factors of 105094091?
105094091
List the prime factors of 1201442473.
7, 11, 15603149
What are the prime factors of 344335600?
2, 5, 7, 31, 3967
What are the prime factors of 1155673457?
127, 9099791
List the prime factors of 644496219.
3, 71610691
List the prime factors of 568362942.
2, 3, 7, 491, 9187
List the prime factors of 153843687.
3, 211, 81013
What are the prime factors of 99854657?
7, 79, 180569
What are the prime factors of 127758458?
2, 63879229
List the prime factors of 4283583487.
347, 12344621
What are the prime factors of 2275291753?
7, 59, 137, 40213
List the prime factors of 5558146153.
7, 59, 673, 19997
What are the prime factors of 14102628?
2, 3, 1175219
List the prime factors of 205129731.
3, 29, 2357813
List the prime factors of 273405615.
3, 5, 7, 593, 4391
List the prime factors of 869724783.
3, 23, 107, 4363
List the prime factors of 42813462.
2, 3, 7135577
List the prime factors of 255027353.
7, 17, 2143087
List the prime factors of 441354392.
2, 55169299
List the prime factors of 1610451853.
9013, 178681
List the prime factors of 220944953.
3121, 70793
List the prime factors of 1570856681.
1570856681
What are the prime factors of 42773333?
42773333
What are the prime factors of 19134020?
2, 5, 193, 4957
What are the prime factors of 12884745?
3, 5, 431, 1993
What are the prime factors of 212732526?
2, 3, 17, 1229, 1697
List the prime factors of 70325311.
7, 17, 383, 1543
What are the prime factors of 310804793?
13, 19, 1258319
What are the prime factors of 23010354?
2, 3, 47, 59, 461
List the prime factors of 60376757.
7, 197, 43783
List the prime factors of 46184509.
7, 942541
List the prime factors of 383067161.
83, 4615267
List the prime factors of 754020614.
2, 151, 2496757
List the prime factors of 3739795077.
3, 21001, 59359
List the prime factors of 97445457.
3, 23, 37, 4241
List the prime factors of 39538316.
2, 19, 520241
List the prime factors of 187259262.
2, 3, 31209877
List the prime factors of 4115740129.
23, 178945223
What are the prime factors of 170739182?
2, 29, 53, 67, 829
What are the prime factors of 30978727?
13, 2382979
List the prime factors of 426538050.
2, 3, 5, 2843587
List the prime factors of 594161897.
7, 131, 151, 613
What are the prime factors of 1824939001?
17, 241, 445433
List the prime factors of 733417701.
3, 61, 4007747
List the prime factors of 2969630717.
23, 8039, 16061
List the prime factors of 2387113062.
2, 3, 1429, 278413
What are the prime factors of 179782942?
2, 1097, 81943
List the prime factors of 2440611583.
467, 1997, 2617
List the prime factors of 4864488511.
17, 15077, 18979
List the prime factors of 23548925.
5, 71, 13267
What are the prime factors of 332203448?
2, 19, 977, 2237
List the prime factors of 1222181113.
53, 79, 291899
List the prime factors of 120262396.
2, 127, 236737
List the prime factors of 4538332.
2, 1134583
L